{"id":290,"date":"2021-09-22T09:18:15","date_gmt":"2021-09-22T06:18:15","guid":{"rendered":"http:\/\/mustafaoz.com\/?page_id=290"},"modified":"2021-09-22T09:47:31","modified_gmt":"2021-09-22T06:47:31","slug":"mustafa-oz","status":"publish","type":"page","link":"http:\/\/mustafaoz.com\/?page_id=290","title":{"rendered":"Mustafa \u00d6z"},"content":{"rendered":"\n<div data-carousel-extra='{\"blog_id\":1,\"permalink\":\"http:\\\/\\\/mustafaoz.com\\\/?page_id=290\"}' class=\"wp-block-media-text alignwide is-stacked-on-mobile\" style=\"grid-template-columns:44% auto\"><figure class=\"wp-block-media-text__media\"><img decoding=\"async\" src=\"http:\/\/mustafaoz.com\/wp-content\/uploads\/2021\/09\/croplu-20190211-mustafa_oz-2-683x1024.jpg\" alt=\"\" class=\"wp-image-292 size-large\"\/><\/figure><div data-carousel-extra='{\"blog_id\":1,\"permalink\":\"http:\\\/\\\/mustafaoz.com\\\/?page_id=290\"}' class=\"wp-block-media-text__content\">\n<p>\u0130zmir do\u011fumlu Mustafa, \u0130T\u00dc Elektronik ve Haberle\u015fme ve European University MBA mezunu olup, bili\u015fim ve telekom\u00fcnikasyon alan\u0131nda \u00e7o\u011funlu\u011fu yurtd\u0131\u015f\u0131nda olmak \u00fczere \u00e7al\u0131\u015ft\u0131ktan sonra Ar-Ge ve \u0130novasyon dan\u0131\u015fmanl\u0131\u011f\u0131 ve ment\u00f6rl\u00fck yaparken, daha \u00e7ok an\u0131 foto\u011fraflar\u0131 \u00e7ekegeldi\u011fi foto\u011fraf\u00e7\u0131l\u0131k maceras\u0131na 2015 y\u0131l\u0131ndan beri daha fazla e\u011filme f\u0131rsat\u0131 bulmu\u015ftur.<\/p>\n\n\n\n<p>&nbsp;&nbsp;A\u00d6F Foto\u011fraf\u00e7\u0131l\u0131k ve Kameramanl\u0131k \u00f6n lisans program\u0131n\u0131 tamamlam\u0131\u015ft\u0131r.<\/p>\n\n\n\n<p>\u00dcyesi oldu\u011fu <a rel=\"noreferrer noopener\" href=\"https:\/\/www.ifsak.org.tr\/\" target=\"_blank\">\u0130FSAK<\/a> ve <a rel=\"noreferrer noopener\" href=\"https:\/\/www.ifod.org.tr\/\" target=\"_blank\">\u0130FOD<\/a>\u2019da seminer, at\u00f6lye, proje \u00e7al\u0131\u015fmalar\u0131na kat\u0131lmaktad\u0131r. Ayr\u0131ca <a href=\"https:\/\/www.ifsak.org.tr\/seminerler-ve-atolyeler-birimi-danisman-yardimcilari\/\" target=\"_blank\" rel=\"noreferrer noopener\">\u0130FSAK Seminerler ve At\u00f6lyeler Birimi<\/a>\u2019nde g\u00f6n\u00fcll\u00fc olarak g\u00f6rev almaktad\u0131r. <\/p>\n\n\n\n<p>\u0130FSAK <a href=\"https:\/\/opusrea.com\/hakkimizda\/\">Opus Rea <\/a><a href=\"https:\/\/opusrea.com\/hakkimizda\/\" target=\"_blank\" rel=\"noreferrer noopener\">Foto\u011fraf<\/a><a href=\"https:\/\/opusrea.com\/hakkimizda\/\"> Grubu<\/a>\u2019nda dan\u0131\u015fmanl\u0131\u011f\u0131n\u0131 Dayk Danzig ve Ramiz \u015eahin\u2019in yapt\u0131\u011f\u0131&nbsp;\u201cYedinci M\u00fch\u00fcr&#8221; ve Ramiz \u015eahin\u2019in dan\u0131\u015fmanl\u0131\u011f\u0131n\u0131 yapt\u0131\u011f\u0131 \u201cMetamorfoz\u201d projelerinde dan\u0131\u015fman yard\u0131mc\u0131l\u0131\u011f\u0131 yapm\u0131\u015ft\u0131r.<\/p>\n\n\n\n<p>Kat\u0131ld\u0131\u011f\u0131 seminer, at\u00f6lye, proje \u00e7al\u0131\u015fmalar\u0131ndan baz\u0131lar\u0131,&nbsp; Alberto Modiano ile \u201c4 Mevsim B\u00fcy\u00fckada\u201d, Hakan Hatay ile \u201cAz ve Zor I\u015f\u0131k\u201d ve \u201c\u0130leri \u00c7ekim Teknikleri\u201d, Timurta\u015f Onan ile \u201cI\u015f\u0131k ve G\u00f6lge\u201d ve \u201cHanlar\u201d, Burak \u015eenbak ile \u201cDo\u011fal I\u015f\u0131kta Portre\u201d ve \u201cObsesyon\u201d, Ali \u015eim\u015fek ile \u201cG\u00f6rmeyi \u00d6\u011frenmek\u201d, \u00d6zcan Yaman ile \u201cKavramsal Foto\u011fraf Geli\u015ftirme\u201d, \u00d6zcan Yurdalan ile \u201cBelgesel Foto\u011fraf\u201d, Hakan Ya\u015far ile \u201cSokak Foto\u011fraf\u00e7\u0131l\u0131\u011f\u0131\u201d, Serkan Tura\u00e7 ile \u201cKartpostallarla \u0130stanbul\u201d, Ekrem Yi\u011fit ile \u201cYapay I\u015f\u0131kta Portre\u201d olup Ali \u0130hsan G\u00f6k\u00e7en ve \u00d6zhan \u00d6zde ile \u201cDo\u011fa ve Manzara Foto\u011fraf\u00e7\u0131l\u0131\u011f\u0131\u201d, \u00d6zcan Yaman ve Tanju Akleman ile \u201cKavramsal Foto\u011fraf\u201d gruplar\u0131na kat\u0131lm\u0131\u015ft\u0131r.<\/p>\n\n\n\n<p>Murat Germen edit\u00f6rl\u00fc\u011f\u00fcnde\u00a0 \u201c<a rel=\"noreferrer noopener\" href=\"https:\/\/www.koronagunlerindefotograf.com\/hikaye\/Mustafa-%C3%96z\" target=\"_blank\">\u00c7al\u0131\u015fmasalar Olmaz<\/a>\u201d temas\u0131yla korona\u00a0 g\u00fcnlerinde foto\u011fraf \u00e7al\u0131\u015fmas\u0131n\u0131 tamamlam\u0131\u015ft\u0131r.<\/p>\n\n\n\n<p><meta charset=\"utf-8\">Temmuz, 2021&#8217;de Serkan Tura\u00e7 ile Ya\u015famlar G\u00f6rsel \u00d6yk\u00fcler projesinde &#8220;<a rel=\"noreferrer noopener\" href=\"http:\/\/www.gorseloykuler.com\/?page_id=810\" target=\"_blank\">Emiralem \u00c7ile\u011fi<\/a>&#8221; \u00f6yk\u00fcs\u00fcn\u00fc tamamlam\u0131\u015ft\u0131r.<\/p>\n\n\n\n<p><a href=\"https:\/\/www.instagram.com\/emailmoz\/\" target=\"_blank\" rel=\"noreferrer noopener\">instagram: @emailmoz<\/a><\/p>\n\n\n\n<p><a rel=\"noreferrer noopener\" href=\"https:\/\/www.facebook.com\/emailmoz\" target=\"_blank\">f<\/a><a href=\"https:\/\/www.facebook.com\/emailmoz\" target=\"_blank\" rel=\"noreferrer noopener\">acebook: @emailmoz<\/a><\/p>\n\n\n\n<p><a href=\"https:\/\/twitter.com\/emailmoz\" target=\"_blank\" rel=\"noreferrer noopener\">twitter: &nbsp;@emailmoz<\/a><\/p>\n\n\n\n<p>linkedin: <a rel=\"noreferrer noopener\" href=\"https:\/\/www.linkedin.com\/in\/mustafa-oz-7087614\/\" target=\"_blank\">https:\/\/www.linkedin.com\/in\/mustafa-oz-7087614\/<\/a><\/p>\n<\/div><\/div>\n\n\n\n<figure class=\"wp-block-gallery columns-3 wp-block-gallery-1 is-layout-flex wp-block-gallery-is-layout-flex\"><ul data-carousel-extra='{\"blog_id\":1,\"permalink\":\"http:\\\/\\\/mustafaoz.com\\\/?page_id=290\"}' class=\"blocks-gallery-grid\"><li class=\"blocks-gallery-item\"><figure><img decoding=\"async\" src=\"http:\/\/mustafaoz.com\/wp-content\/uploads\/2021\/09\/Mustafa_Oz01-IMG_6996.jpg\" alt=\"\" data-id=\"297\" data-full-url=\"http:\/\/mustafaoz.com\/wp-content\/uploads\/2021\/09\/Mustafa_Oz01-IMG_6996.jpg\" data-link=\"http:\/\/mustafaoz.com\/?attachment_id=297\" class=\"wp-image-297\"\/><\/figure><\/li><li class=\"blocks-gallery-item\"><figure><img decoding=\"async\" src=\"http:\/\/mustafaoz.com\/wp-content\/uploads\/2021\/09\/Mustafa_Oz02-DSC02662.jpg\" alt=\"\" data-id=\"298\" data-full-url=\"http:\/\/mustafaoz.com\/wp-content\/uploads\/2021\/09\/Mustafa_Oz02-DSC02662.jpg\" data-link=\"http:\/\/mustafaoz.com\/?attachment_id=298\" class=\"wp-image-298\"\/><\/figure><\/li><li class=\"blocks-gallery-item\"><figure><img decoding=\"async\" src=\"http:\/\/mustafaoz.com\/wp-content\/uploads\/2021\/09\/Mustafa_Oz03-DSC06029-1.jpg\" alt=\"\" data-id=\"324\" data-full-url=\"http:\/\/mustafaoz.com\/wp-content\/uploads\/2021\/09\/Mustafa_Oz03-DSC06029-1.jpg\" data-link=\"http:\/\/mustafaoz.com\/?attachment_id=324\" class=\"wp-image-324\"\/><\/figure><\/li><li class=\"blocks-gallery-item\"><figure><img decoding=\"async\" src=\"http:\/\/mustafaoz.com\/wp-content\/uploads\/2021\/09\/Mustafa_Oz04-DSC03364.jpg\" alt=\"\" data-id=\"300\" data-full-url=\"http:\/\/mustafaoz.com\/wp-content\/uploads\/2021\/09\/Mustafa_Oz04-DSC03364.jpg\" data-link=\"http:\/\/mustafaoz.com\/?attachment_id=300\" class=\"wp-image-300\"\/><\/figure><\/li><li class=\"blocks-gallery-item\"><figure><img decoding=\"async\" src=\"http:\/\/mustafaoz.com\/wp-content\/uploads\/2021\/09\/Mustafa_Oz05-DSC09007.jpg\" alt=\"\" data-id=\"301\" data-full-url=\"http:\/\/mustafaoz.com\/wp-content\/uploads\/2021\/09\/Mustafa_Oz05-DSC09007.jpg\" data-link=\"http:\/\/mustafaoz.com\/?attachment_id=301\" class=\"wp-image-301\"\/><\/figure><\/li><li class=\"blocks-gallery-item\"><figure><img decoding=\"async\" src=\"http:\/\/mustafaoz.com\/wp-content\/uploads\/2021\/09\/Mustafa_Oz06-A7R06877.jpg\" alt=\"\" data-id=\"302\" data-full-url=\"http:\/\/mustafaoz.com\/wp-content\/uploads\/2021\/09\/Mustafa_Oz06-A7R06877.jpg\" data-link=\"http:\/\/mustafaoz.com\/?attachment_id=302\" class=\"wp-image-302\"\/><\/figure><\/li><li class=\"blocks-gallery-item\"><figure><img decoding=\"async\" src=\"http:\/\/mustafaoz.com\/wp-content\/uploads\/2021\/09\/Mustafa_Oz07-A7R03014.jpg\" alt=\"\" data-id=\"303\" data-full-url=\"http:\/\/mustafaoz.com\/wp-content\/uploads\/2021\/09\/Mustafa_Oz07-A7R03014.jpg\" data-link=\"http:\/\/mustafaoz.com\/?attachment_id=303\" class=\"wp-image-303\"\/><\/figure><\/li><li class=\"blocks-gallery-item\"><figure><img decoding=\"async\" src=\"http:\/\/mustafaoz.com\/wp-content\/uploads\/2021\/09\/Mustafa_Oz08-A7R03530.jpg\" alt=\"\" data-id=\"304\" data-full-url=\"http:\/\/mustafaoz.com\/wp-content\/uploads\/2021\/09\/Mustafa_Oz08-A7R03530.jpg\" data-link=\"http:\/\/mustafaoz.com\/?attachment_id=304\" class=\"wp-image-304\"\/><\/figure><\/li><li class=\"blocks-gallery-item\"><figure><img decoding=\"async\" src=\"http:\/\/mustafaoz.com\/wp-content\/uploads\/2021\/09\/Mustafa_Oz09-A7R03730.jpg\" alt=\"\" data-id=\"305\" data-full-url=\"http:\/\/mustafaoz.com\/wp-content\/uploads\/2021\/09\/Mustafa_Oz09-A7R03730.jpg\" data-link=\"http:\/\/mustafaoz.com\/?attachment_id=305\" class=\"wp-image-305\"\/><\/figure><\/li><li class=\"blocks-gallery-item\"><figure><img decoding=\"async\" src=\"http:\/\/mustafaoz.com\/wp-content\/uploads\/2021\/09\/Mustafa_Oz10-DSC07420.jpg\" alt=\"\" data-id=\"306\" data-full-url=\"http:\/\/mustafaoz.com\/wp-content\/uploads\/2021\/09\/Mustafa_Oz10-DSC07420.jpg\" data-link=\"http:\/\/mustafaoz.com\/?attachment_id=306\" class=\"wp-image-306\"\/><\/figure><\/li><li class=\"blocks-gallery-item\"><figure><img decoding=\"async\" src=\"http:\/\/mustafaoz.com\/wp-content\/uploads\/2021\/09\/Mustafa_Oz11-A7R03473.jpg\" alt=\"\" data-id=\"307\" data-full-url=\"http:\/\/mustafaoz.com\/wp-content\/uploads\/2021\/09\/Mustafa_Oz11-A7R03473.jpg\" data-link=\"http:\/\/mustafaoz.com\/?attachment_id=307\" class=\"wp-image-307\"\/><\/figure><\/li><li class=\"blocks-gallery-item\"><figure><img decoding=\"async\" src=\"http:\/\/mustafaoz.com\/wp-content\/uploads\/2021\/09\/Mustafa_Oz12-A7R09956.jpg\" alt=\"\" data-id=\"308\" data-full-url=\"http:\/\/mustafaoz.com\/wp-content\/uploads\/2021\/09\/Mustafa_Oz12-A7R09956.jpg\" data-link=\"http:\/\/mustafaoz.com\/?attachment_id=308\" class=\"wp-image-308\"\/><\/figure><\/li><li class=\"blocks-gallery-item\"><figure><img decoding=\"async\" src=\"http:\/\/mustafaoz.com\/wp-content\/uploads\/2021\/09\/Mustafa_Oz13-A7R00142.jpg\" alt=\"\" data-id=\"309\" data-full-url=\"http:\/\/mustafaoz.com\/wp-content\/uploads\/2021\/09\/Mustafa_Oz13-A7R00142.jpg\" data-link=\"http:\/\/mustafaoz.com\/?attachment_id=309\" class=\"wp-image-309\"\/><\/figure><\/li><li class=\"blocks-gallery-item\"><figure><img decoding=\"async\" src=\"http:\/\/mustafaoz.com\/wp-content\/uploads\/2021\/09\/Mustafa_Oz14-A7R00361.jpg\" alt=\"\" data-id=\"310\" data-full-url=\"http:\/\/mustafaoz.com\/wp-content\/uploads\/2021\/09\/Mustafa_Oz14-A7R00361.jpg\" data-link=\"http:\/\/mustafaoz.com\/?attachment_id=310\" class=\"wp-image-310\"\/><\/figure><\/li><li class=\"blocks-gallery-item\"><figure><img decoding=\"async\" src=\"http:\/\/mustafaoz.com\/wp-content\/uploads\/2021\/09\/Mustafa_Oz15-A7R00424.jpg\" alt=\"\" data-id=\"311\" data-full-url=\"http:\/\/mustafaoz.com\/wp-content\/uploads\/2021\/09\/Mustafa_Oz15-A7R00424.jpg\" data-link=\"http:\/\/mustafaoz.com\/?attachment_id=311\" class=\"wp-image-311\"\/><\/figure><\/li><li class=\"blocks-gallery-item\"><figure><img decoding=\"async\" src=\"http:\/\/mustafaoz.com\/wp-content\/uploads\/2021\/09\/Mustafa_Oz16-A7R00720.jpg\" alt=\"\" data-id=\"312\" data-full-url=\"http:\/\/mustafaoz.com\/wp-content\/uploads\/2021\/09\/Mustafa_Oz16-A7R00720.jpg\" data-link=\"http:\/\/mustafaoz.com\/?attachment_id=312\" class=\"wp-image-312\"\/><\/figure><\/li><li class=\"blocks-gallery-item\"><figure><img decoding=\"async\" src=\"http:\/\/mustafaoz.com\/wp-content\/uploads\/2021\/09\/Mustafa_Oz17-A7R00818.jpg\" alt=\"\" data-id=\"313\" data-full-url=\"http:\/\/mustafaoz.com\/wp-content\/uploads\/2021\/09\/Mustafa_Oz17-A7R00818.jpg\" data-link=\"http:\/\/mustafaoz.com\/?attachment_id=313\" class=\"wp-image-313\"\/><\/figure><\/li><li class=\"blocks-gallery-item\"><figure><img decoding=\"async\" src=\"http:\/\/mustafaoz.com\/wp-content\/uploads\/2021\/09\/Mustafa_Oz18-A7R00948.jpg\" alt=\"\" data-id=\"314\" data-full-url=\"http:\/\/mustafaoz.com\/wp-content\/uploads\/2021\/09\/Mustafa_Oz18-A7R00948.jpg\" data-link=\"http:\/\/mustafaoz.com\/?attachment_id=314\" class=\"wp-image-314\"\/><\/figure><\/li><li class=\"blocks-gallery-item\"><figure><img decoding=\"async\" src=\"http:\/\/mustafaoz.com\/wp-content\/uploads\/2021\/09\/Mustafa_Oz19-A7R01487.jpg\" alt=\"\" data-id=\"315\" data-full-url=\"http:\/\/mustafaoz.com\/wp-content\/uploads\/2021\/09\/Mustafa_Oz19-A7R01487.jpg\" data-link=\"http:\/\/mustafaoz.com\/?attachment_id=315\" class=\"wp-image-315\"\/><\/figure><\/li><li class=\"blocks-gallery-item\"><figure><img decoding=\"async\" src=\"http:\/\/mustafaoz.com\/wp-content\/uploads\/2021\/09\/Mustafa_Oz20-A7R06049.jpg\" alt=\"\" data-id=\"316\" data-full-url=\"http:\/\/mustafaoz.com\/wp-content\/uploads\/2021\/09\/Mustafa_Oz20-A7R06049.jpg\" data-link=\"http:\/\/mustafaoz.com\/?attachment_id=316\" class=\"wp-image-316\"\/><\/figure><\/li><li class=\"blocks-gallery-item\"><figure><img decoding=\"async\" src=\"http:\/\/mustafaoz.com\/wp-content\/uploads\/2021\/09\/Mustafa_Oz21-A7R06363.jpg\" alt=\"\" data-id=\"317\" data-full-url=\"http:\/\/mustafaoz.com\/wp-content\/uploads\/2021\/09\/Mustafa_Oz21-A7R06363.jpg\" data-link=\"http:\/\/mustafaoz.com\/?attachment_id=317\" class=\"wp-image-317\"\/><\/figure><\/li><li class=\"blocks-gallery-item\"><figure><img decoding=\"async\" src=\"http:\/\/mustafaoz.com\/wp-content\/uploads\/2021\/09\/Mustafa_Oz22-DSC03305.jpg\" alt=\"\" data-id=\"318\" data-full-url=\"http:\/\/mustafaoz.com\/wp-content\/uploads\/2021\/09\/Mustafa_Oz22-DSC03305.jpg\" data-link=\"http:\/\/mustafaoz.com\/?attachment_id=318\" class=\"wp-image-318\"\/><\/figure><\/li><li class=\"blocks-gallery-item\"><figure><img decoding=\"async\" src=\"http:\/\/mustafaoz.com\/wp-content\/uploads\/2021\/09\/Mustafa_Oz23-A7R09059.jpg\" alt=\"\" data-id=\"319\" data-full-url=\"http:\/\/mustafaoz.com\/wp-content\/uploads\/2021\/09\/Mustafa_Oz23-A7R09059.jpg\" data-link=\"http:\/\/mustafaoz.com\/?attachment_id=319\" class=\"wp-image-319\"\/><\/figure><\/li><li class=\"blocks-gallery-item\"><figure><img decoding=\"async\" src=\"http:\/\/mustafaoz.com\/wp-content\/uploads\/2021\/09\/Mustafa_Oz24-A7R00993.jpg\" alt=\"\" data-id=\"320\" data-full-url=\"http:\/\/mustafaoz.com\/wp-content\/uploads\/2021\/09\/Mustafa_Oz24-A7R00993.jpg\" data-link=\"http:\/\/mustafaoz.com\/?attachment_id=320\" class=\"wp-image-320\"\/><\/figure><\/li><\/ul><\/figure>\n\n\n\n<p><\/p>\n","protected":false},"excerpt":{"rendered":"<p>\u0130zmir do\u011fumlu Mustafa, \u0130T\u00dc Elektronik ve Haberle\u015fme ve European University MBA mezunu olup, bili\u015fim ve telekom\u00fcnikasyon alan\u0131nda \u00e7o\u011funlu\u011fu yurtd\u0131\u015f\u0131nda olmak \u00fczere \u00e7al\u0131\u015ft\u0131ktan sonra Ar-Ge ve&hellip; <\/p>\n","protected":false},"author":1,"featured_media":0,"parent":0,"menu_order":0,"comment_status":"closed","ping_status":"closed","template":"","meta":{"spay_email":"","footnotes":""},"class_list":["post-290","page","type-page","status-publish","hentry"],"_links":{"self":[{"href":"http:\/\/mustafaoz.com\/index.php?rest_route=\/wp\/v2\/pages\/290","targetHints":{"allow":["GET"]}}],"collection":[{"href":"http:\/\/mustafaoz.com\/index.php?rest_route=\/wp\/v2\/pages"}],"about":[{"href":"http:\/\/mustafaoz.com\/index.php?rest_route=\/wp\/v2\/types\/page"}],"author":[{"embeddable":true,"href":"http:\/\/mustafaoz.com\/index.php?rest_route=\/wp\/v2\/users\/1"}],"replies":[{"embeddable":true,"href":"http:\/\/mustafaoz.com\/index.php?rest_route=%2Fwp%2Fv2%2Fcomments&post=290"}],"version-history":[{"count":8,"href":"http:\/\/mustafaoz.com\/index.php?rest_route=\/wp\/v2\/pages\/290\/revisions"}],"predecessor-version":[{"id":328,"href":"http:\/\/mustafaoz.com\/index.php?rest_route=\/wp\/v2\/pages\/290\/revisions\/328"}],"wp:attachment":[{"href":"http:\/\/mustafaoz.com\/index.php?rest_route=%2Fwp%2Fv2%2Fmedia&parent=290"}],"curies":[{"name":"wp","href":"https:\/\/api.w.org\/{rel}","templated":true}]}}